et p = -65 - b. What is the greatest common divisor of p and 22?
22
Suppose -5*z + 13*q + 108 = 15*q, -4*z = q - 84. Let y = -17 - -21. Calculate the greatest common factor of y and z.
4
Let r be 1*(4/2 - -3). Suppose d - 5*x = -14, -2*x + 12 = 4. Let f be 2/d - r/(-3). What is the greatest common divisor of f and 2?
2
Suppose k + 47 = 42, -4*r = -4*k - 36. Calculate the highest common factor of r and 214.
2
Let q(n) = n**2 - 3*n + 7. Let f be q(7). Suppose 3*b = 45 - 120. Let r = b + 39. What is the highest common factor of r and f?
7
Suppose -260 = -2*j - 11*j. Let l be 0 - -6*j/8. What is the greatest common factor of l and 30?
15
Let w(y) = y**3 - y**2 + y + 4. Let k be w(3). Let f = 286 - 236. Calculate the greatest common divisor of k and f.
25
Suppose 0 = -15*p + 48*p - 1089. Let z(o) = -3*o - 3. Let h be z(-2). Calculate the greatest common divisor of h and p.
3
Let u be 176/(-6)*(-2718)/1661. Let y be 5/(10/148) - 2. What is the highest common factor of u and y?
24
Let z(f) = -158*f**3 - 7*f**2 - 7*f + 4. Let l be z(-2). Calculate the highest common factor of 114 and l.
114
Let g = 2269 + -1688. Calculate the greatest common factor of g and 498.
83
Let t(f) = 6*f + 175. Let c be t(-21). Calculate the greatest common factor of 21 and c.
7
Let q = -9 + 5. Let y be 87/6 + (-2)/q + 4. What is the highest common divisor of y and 95?
19
Let y(o) = 3*o**3 - o**2 + 4*o + 18. Let w be y(4). Calculate the greatest common factor of 15 and w.
15
Suppose -3*i + 186 = -3*b - 225, 0 = 3*i - b - 407. Suppose 16 + 9 = 5*y. Suppose 75 = -y*x + 10*x. What is the greatest common factor of i and x?
15
Suppose 5*f - 8 = 6*f. Let u(r) = -r**3 - 2*r**2. Let d be u(-3). Let c be (6/d)/(f/(-132)). Calculate the highest common factor of c and 88.
11
Suppose -6 - 2 = o. Let p be 3/(-12) + 6/o. Let d = p - -3. What is the greatest common factor of 4 and d?
2
Let m = -205 - -487. What is the greatest common factor of m and 6?
6
Suppose f + 5*l = 272, -2*l = -7 - 1. What is the highest common divisor of 56 and f?
28
Suppose 2*m = -m + 567. Suppose 775 = 15*d + 460. What is the highest common factor of d and m?
21
Let f(i) = 4*i**2 - i + 1. Let b be f(-1). Let r be (-14)/b*-6 + 3. Let h = -9 + r. Calculate the greatest common factor of 72 and h.
8
Let q = 56 - 37. Let a be (-18)/(1/19*-2). What is the highest common divisor of a and q?
19
Let f = -164 - -202. Calculate the highest common factor of 475 and f.
19
Let k(t) = -1. Let c(l) = -3*l**2 - 6*l - 8. Let z(i) = -c(i) + 6*k(i). Let p = -14 + 10. Let s be z(p). Calculate the greatest common factor of s and 13.
13
Suppose 0*d + 28 = -5*t + 4*d, 5*d - 1 = 2*t. Let c = t + 10. Suppose -c*z + 19 = -53. Calculate the greatest common divisor of 4 and z.
4
Let m = 28 + 82. What is the highest common factor of 1980 and m?
110
Let c(i) = 4*i - 3. Let f(p) = p. Let l(h) = -c(h) + 6*f(h). Let n be l(0). Let b be 85*(n - 4)/(-1). Calculate the greatest common factor of 34 and b.
17
Suppose 5*a + 19 = 3*x - 13, 0 = -5*x + 2*a + 28. Suppose -g - 4 = -2*g + f, -11 = -x*g - f. What is the highest common divisor of g and 3?
3
Let m(b) = b**2 + 3*b + 13. Let t be m(-5). Calculate the highest common factor of 1219 and t.
23
Suppose -o - 3 = 5*a - 18, 15 = -5*a + 5*o. Let u be (a/(-6))/(1/201). Let v = -44 - u. Calculate the highest common factor of 92 and v.
23
Let t = -254 - -261. Calculate the greatest common divisor of t and 77.
7
Let u = 15 + -10. Suppose 3 - u = -2*m. Let p be 200/16*2*m. What is the greatest common divisor of p and 175?
25
Let m(s) = 7*s + 14. Let b be m(-2). Suppose 4*x = 4*p - 132, b = 2*p - 6*p + 5*x + 135. What is the highest common divisor of p and 210?
30
Let b = -16 - -20. Suppose 0 = -m - m + b. Suppose -5*w + 60 = -x, -3*x = -w - m*x + 8. Calculate the highest common factor of 13 and w.
13
Suppose -42*k + 4*k + 684 = 0. What is the highest common divisor of k and 45?
9
Suppose -2*d = s - 19, 2*d + 5*s + 1 = -0*d. Let z be 1*d*(-2)/(-3). Calculate the highest common factor of 24 and z.
8
Let d = 1613 + -913. What is the greatest common factor of d and 400?
100
Let d(s) = -s**3 + 12*s**2 - 12*s + 13. Let q be d(11). Let g be (-1)/((-3 - -2)/q). Calculate the highest common divisor of 4 and g.
2
Suppose 8*a + 286 = 9*a. Calculate the highest common factor of a and 26.
26
Let h be 12/(-10)*10/(-4). Suppose h*p - 21 = 57. What is the greatest common factor of p and 13?
13
Let w(u) be the first derivative of u**4/4 - 35*u**3/3 + 25*u + 44. Let x be w(35). Suppose 7*i - 25 = 2*i. Calculate the greatest common factor of x and i.
5
Let i(q) = 4*q**2 - 7*q - 3. Let h be i(5). Let u = 68 - h. What is the highest common factor of 18 and u?
6
Let s = -13 - -10. Let h be s/((-3)/(-6)*-2). Let f = 10 - h. What is the highest common divisor of 77 and f?
7
Let w(b) = 63*b - 844. Let x be w(14). Let s(k) = 3*k**2 - 8*k - 3. Let q be s(6). Calculate the greatest common divisor of x and q.
19
Suppose -5*u + 5*b = -24 - 196, -4*b = 3*u - 132. What is the greatest common divisor of 11 and u?
11
Suppose 9*n = 4*n - 30. Let r(z) = 2*z**3 + 13*z**2 + 4*z - 3. Let m be r(n). Calculate the highest common divisor of m and 81.
9
Suppose 20 = -5*n, -55*n + 4567 = 3*y - 59*n. What is the greatest common divisor of y and 74?
37
Suppose -4*a + 3*a = -3*p - 26, -25 = 5*p. Let m be (5 + 0 + -1)/2. Suppose m*x - 75 = 79. Calculate the highest common factor of a and x.
11
Let m(q) = -500*q + 2. Let a be m(-1). Suppose -3*t = 2*x + 129 - a, 4*t = x + 479. What is the highest common factor of 11 and t?
11
Let t be (-2)/3 + 0 - 698/6. Let w = -104 - t. What is the greatest common factor of 104 and w?
13
Suppose 482*i - 16 = 480*i. What is the highest common factor of i and 388?
4
Let u(q) = -q**3 + 18*q**2 - 13*q + 5. Let a be u(17). Suppose -4*v = -a - 19. What is the greatest common divisor of 92 and v?
23
Suppose 4*l - 7*l = -216. Let o be 2/(-11) - (-2000)/110. Calculate the greatest common divisor of l and o.
18
Let i(c) = c**3 + 8*c**2 - 13*c + 16. Let n be i(5). What is the highest common divisor of 69 and n?
69
Suppose -190 = -132*d + 574 - 104. Suppose s - 5*y + 2 = -2*s, -s - 4*y = -22. Let r = 8 - s. Calculate the highest common factor of r and d.
1
Let k(o) = 371*o - 252. Let p be k(6). What is the greatest common factor of p and 42?
42
Let s be (5 - 1) + 3/((-21)/(-9548)). Calculate the highest common divisor of 76 and s.
76
Let b(l) = -l**2 - 22*l + 23. Let y be b(-17). Let o = -8 + 68. Suppose -60 = -5*w + 5*u, 2*w + 3*w - o = -3*u. Calculate the highest common divisor of y and w.
12
Let x = -934 + 964. Calculate the greatest common factor of x and 210.
30
Let p(i) = -i**2 + 8*i + 11. Let a be p(7). Calculate the greatest common divisor of 9 and a.
9
Let b = 25 + -17. Suppose 0 = 3*u - q - 19 - 18, -2*u - 2*q + 22 = 0. What is the greatest common divisor of u and b?
4
Let o = 11 + -4. Let j be (o/(-3) + 0)*-27. Calculate the highest common divisor of 18 and j.
9
Let r(t) = -t**3 - 16*t**2 - 25. Let v be r(-17). Calculate the greatest common divisor of 22 and v.
22
Let s be 110/(-605) - (-145)/11. Calculate the highest common factor of s and 26.
13
Suppose 7*u - 19 = 16. Suppose -4*w + u*j + 50 = 0, -5*j + 2 = w - j. What is the highest common factor of w and 80?
10
Let t(s) = s**3 - 5*s**2 - s - 3. Let q be t(6). Suppose 0 = q*n - 29*n + 4. Calculate the greatest common divisor of 22 and n.
2
Suppose 0 = -q + 5*m + 55, -2*m = m + 9. What is the highest common divisor of 30 and q?
10
Let m(v) = -v**3 + 6*v**2 - 2*v - 3. Let k be m(5). What is the highest common divisor of 300 and k?
12
Let j(h) = h**2 + 114*h + 1232. Let v be j(-12). Suppose -4*u + 271 = -3*g, 2*u = -2*u + 5*g + 281. Calculate the highest common divisor of v and u.
8
Suppose 5*x = 6*x - 3. Suppose 12 = -x*a, 3*a - 3 = 3*y - 12. Let k be (y - -179) + 1 + -3. Calculate the highest common divisor of k and 22.
22
Suppose -358 = -6*c - 94. What is the greatest common factor of c and 55?
11
Suppose 0 = 437*m - 440*m + 48. Calculate the greatest common divisor of m and 304.
16
Let r(s) = s**2 + 12*s + 13. Let l = -4 - -2. Let m = l - 9. Let i be r(m). Calculate the greatest common factor of i and 12.
2
Suppose 2*n + 14 = -4*k - 16, -4*n - 24 = 2*k. Let c be 2/k